pose -3*p = -5*p - 34. Let v = 31 + p. What is the highest common divisor of c and v?
14
Let h be (5 - -1)*1/1. Let o be (-1 + -1)/((-4)/h). Suppose -o*d = d - 4. What is the greatest common factor of d and 2?
1
Let f(h) = 3*h + 4. Let y = 12 + -17. Let c be f(y). Let k be c/2*2/(-1). What is the highest common factor of k and 121?
11
Let k = -32 + 50. What is the highest common divisor of 72 and k?
18
Let c be ((-105)/(-9))/((-1)/(-6)). Suppose 4*k = 5*k - c. Calculate the greatest common factor of k and 14.
14
Let t(q) = 16*q**2 - q. Let l be t(1). Calculate the highest common divisor of 30 and l.
15
Let t = -7 + 18. Suppose -4*k + 49 + 39 = 0. Calculate the highest common divisor of t and k.
11
Let f(c) = 2*c**2 + 4*c + 2. Let b be f(-4). Let d = -13 + b. Calculate the highest common factor of d and 45.
5
Suppose 4*x - 492 = 2*i - 0*i, 0 = 3*i - 2*x + 746. Let r be (2/5)/((-10)/i). Calculate the greatest common divisor of 90 and r.
10
Let d = 4 - 7. Let v = d - -7. Suppose 0*z = 3*z - 6. What is the greatest common factor of v and z?
2
Let w = -6 - -5. Let g be 12*(-2 + (-3)/w). Calculate the greatest common divisor of g and 8.
4
Suppose d + 1 - 31 = 0. Suppose 0 = -2*w + 9 - 1. Suppose -o - w*o + d = 0. Calculate the highest common divisor of o and 66.
6
Let h be (-4)/6 - (110/(-3) + -3). What is the highest common factor of h and 13?
13
Suppose 0 = -c + 136 - 0. Calculate the highest common factor of 17 and c.
17
Suppose -3*l + 97 + 137 = 0. Suppose -2*u + 26 = -0*u. What is the greatest common factor of l and u?
13
Suppose 0 = i + 3*h - 27, 3*h = 14 + 1. Let l be -7 + 9 + (-10)/(-1). Calculate the greatest common divisor of l and i.
12
Suppose -q = -3*p + 36, q = -4*p - q + 58. Let r = 83 + 60. Calculate the greatest common divisor of p and r.
13
Suppose -2*n = n. Suppose -2*a - a + 9 = n. Let f(b) = 3*b**3 + 3*b**2 + 2. Let i be f(a). What is the greatest common factor of i and 11?
11
Let o(z) = -8*z - 8. Let q(j) = -4*j - 4. Let n(v) = 4*o(v) - 9*q(v). Let k be n(3). Suppose 0 = 2*u - u - k. Calculate the highest common factor of 128 and u.
16
Let k(t) = t**2 - 2. Let r be k(5). What is the greatest common factor of 23 and r?
23
Let d = -8 - -10. Let m(t) = t**2 - 3*t - 10. Let z be m(7). What is the highest common divisor of d and z?
2
Let i(t) = 3*t**2 + 10*t + 8. Let z be i(-4). What is the greatest common factor of 24 and z?
8
Let i be 16 + (3 + -1)*1. Suppose 0 = 5*r - 2*r - i. Let y be (-80)/r*(-12)/5. What is the greatest common factor of 80 and y?
16
Let a = 5 + -6. Let u = -4 - a. Let h be (u + 3/(-9))*-6. Calculate the highest common factor of h and 5.
5
Suppose 0 = -0*d + 2*d + 4. Let t be 112/21 - d/(-6). What is the greatest common factor of t and 55?
5
Let w(b) = -b**2 + 8*b + 4. Let h be w(8). Suppose 0 = h*r - 176. Calculate the highest common factor of 11 and r.
11
Let r(l) = -l**2 + 16*l - 29. Let f be r(13). What is the greatest common factor of 10 and f?
10
Suppose 0 = -3*y + 1202 - 353. Suppose 3*h + 4*d - 132 = 32, -y = -5*h + 3*d. Suppose -h = -3*m - m. What is the greatest common divisor of m and 21?
7
Suppose 7 = 2*o + s + 3, -3*s - 4 = 2*o. Suppose 4*j = 2*x + 22, 2 - 16 = -2*j + o*x. What is the highest common factor of 50 and j?
5
Suppose -3*c - 39 - 14 = -4*r, 5*c = r - 26. Suppose 27 - r = 4*o. Suppose 29 + o = 3*m. What is the greatest common divisor of 77 and m?
11
Let l = -52 + 63. What is the highest common divisor of 11 and l?
11
Let f(b) = 4*b**3 - 2*b**2 + 1. Let h be f(1). Suppose 3*c + h*p - 84 = 7*p, -c = -2*p - 28. What is the highest common factor of c and 14?
14
Let w be ((-7)/(-2))/((-4)/(-24)). Suppose 5 = r + 2. What is the highest common divisor of w and r?
3
Let t = -23 + 32. Let h = t + -5. Calculate the greatest common factor of 4 and h.
4
Suppose -y = -4*y - 24. Let i(d) = -4*d - 12. Let u be i(y). Let o(n) = -2*n - 24. Let r be o(-16). Calculate the greatest common factor of u and r.
4
Suppose 7*l = 2*l + 140. Calculate the greatest common factor of l and 42.
14
Let r = 48 + -33. What is the greatest common divisor of 60 and r?
15
Let j be (-2)/(-4) - (-10)/4. Suppose -j*k - 65 = -8*k. Calculate the highest common divisor of k and 52.
13
Let z be (-34)/3 - (-4)/(-6). Let k = z - -34. Calculate the greatest common factor of 22 and k.
22
Let i(s) = 4*s**2 - 2*s - 7. Let u be i(6). Let m = u - 29. Calculate the greatest common divisor of m and 12.
12
Let n(g) = g**2 - 2*g - 5. Let y be n(-5). Let w be 2/10 - (-1194)/y. What is the highest common divisor of w and 5?
5
Suppose 3 - 9 = -2*l. Let z(s) = -s**3 + 2*s**2 + 5*s - 4. Let y be z(l). What is the greatest common factor of y and 3?
1
Let z = 154 + -78. Suppose -z = -4*f - 0. What is the greatest common divisor of f and 38?
19
Let t = -2 + 11. Let q(i) = 2*i**3 - 7*i**2 - 3. Let u be 26/6 - (-4)/6. Let z be q(u). Calculate the greatest common factor of z and t.
9
Suppose 0*z - 280 = -5*z + 5*a, 4*a + 122 = 2*z. Let y = z - 27. Calculate the greatest common factor of y and 60.
12
Suppose -6*v + 2*v = 4. Let j be v/2 + 19/2. What is the highest common divisor of j and 6?
3
Let x(h) = h**2 - 4*h + 93. Let z be x(11). Let c(d) = 9*d**3 - 2*d**2 + d + 2. Let o be c(2). Calculate the greatest common divisor of o and z.
34
Suppose 16 = 4*w, 3*w = -0*u - 4*u + 60. What is the highest common divisor of 144 and u?
12
Suppose -p + 9 = 3*g, 2*p + 3*p - g = 45. Let l(a) = 2*a**2 + 6*a - 2. Let k be l(-5). Calculate the greatest common factor of k and p.
9
Let m = 321 - 121. Calculate the highest common factor of 8 and m.
8
Let w be (3 - 1)/((-4)/(-126)). Suppose w = 4*d - 65. Let u be (3/(-4))/((-1)/d). What is the greatest common divisor of u and 36?
12
Let c(i) = 2*i**2 - 9*i + 9. Let q be c(6). Suppose -4*p + q + 17 = 0. Calculate the greatest common factor of 1 and p.
1
Let d(n) = 2*n + 1. Let w be d(1). Let a be (-58)/2 + 6/w. Let s = 69 + a. Calculate the greatest common divisor of 7 and s.
7
Suppose -16 = 2*l + 4*s, 0*s - 35 = 5*l + 5*s. Let r = 7 + l. What is the greatest common factor of r and 1?
1
Suppose g - p + 3 = 0, 4*g = -0*g - 2*p + 18. Suppose 0 = -2*m + g*w + 2, 5*w = 2*m + m + 1. Calculate the highest common divisor of m and 15.
3
Let v = -32 + 28. Let o = 10 - v. What is the greatest common factor of 35 and o?
7
Let x = 6 - 3. Let i(a) = -a**2 + 7*a - 6. Let f be i(7). Let n(t) = -2*t - 9. Let y be n(f). Calculate the highest common divisor of y and x.
3
Let z be 16/(-2) + (1 - -1). Let n be 7/9 + z/(-27). Calculate the greatest common factor of n and 1.
1
Let w be 15/((-6)/(-2))*6. Let q(g) = g**2 - 3*g - 4. Let d be q(5). What is the greatest common factor of d and w?
6
Suppose -4*a = -7*a - 30. Let r be 134 - a - 2/1. Suppose -2*w + 2*h = -4 - 88, h + r = 3*w. Calculate the greatest common factor of w and 6.
6
Let z = 60 - 36. Let g be ((-3)/6)/(1/(-8)). Suppose -2*i - g*o + 176 = 40, -3*o + 12 = 0. Calculate the greatest common factor of i and z.
12
Suppose 4*q = 31 - 7. Let w be (10/8)/(1/104). Let l = w - 64. What is the highest common divisor of l and q?
6
Let p = 55 + -35. Suppose 457 - 57 = 8*c. Calculate the highest common factor of c and p.
10
Suppose 501 = 4*j + 5*g - 223, 2*j - 364 = -3*g. Let t be (-1)/6 + (-399)/(-18). Calculate the greatest common divisor of j and t.
22
Suppose 10 = 5*p - 5. Suppose p*b - 1 = -m, -4*m = -9*m - 10. Let c(x) = 9*x**3 + x**2 + x - 1. Let a be c(b). What is the greatest common divisor of 90 and a?
10
Suppose -3 + 51 = 4*v. Suppose 4*o + 0 = n - 16, -5*n + 4*o = -64. What is the highest common divisor of v and n?
12
Let k(b) = 66*b - 1. Let v be k(1). Let n = -15 + 37. Suppose x = -9 + n. What is the greatest common factor of x and v?
13
Suppose 2*v - 42 = 14. What is the highest common factor of 14 and v?
14
Let i = -59 + 85. Suppose -22 = -2*s + i. Let f be (1 - -1) + 1 + 33. What is the highest common divisor of s and f?
12
Let d(y) = -4*y - 9. Let u be d(-6). Suppose l - 10 = u. Calculate the greatest common factor of l and 25.
25
Let c = 5 - 2. Let x = -1 + c. Let r be (-5 - -19) + x*-1. What is the highest common divisor of r and 6?
6
Suppose -4*n + 45 = -n. Suppose -25 = -5*p + 3*p - j, p - 5*j = -n. What is the highest common factor of 70 and p?
10
Suppose 6*q + 2*j - 15